 prime factors of m(2)?
3, 23, 173
Suppose -122 = 6*x - 104. List the prime factors of (x - 663)*(-4 - -3)*1.
2, 3, 37
Let s(a) = 11*a**2 + 6*a - 1. Let f(b) = 11*b + 6. Let c be f(6). Let z = c + -69. What are the prime factors of s(z)?
2, 29
Suppose 2*x - 64 = -4*p + 634, 0 = -3*x + 3. What are the prime factors of (-3290)/(-6) - (-116)/p?
3, 61
Suppose -5*w + 12098 = -10*l + 1798, -2*l = -3*l. What are the prime factors of w?
2, 5, 103
Suppose l - 1005*u = -1006*u + 1869, 0 = 5*l + 4*u - 9350. What are the prime factors of l?
2, 937
Suppose 5*h + 5*n = 5 + 40, 2*h - 6 = -5*n. Let a(g) = 2*g**2 - g - 11. List the prime factors of a(h).
2, 157
Suppose 0 = -l - 1 - 1. Let j = 2 + 0. List the prime factors of -12*j*l - 0/2.
2, 3
Let l(j) = 211*j - 12. Let m(r) = 420*r - 24. Let n(z) = -13*l(z) + 6*m(z). What are the prime factors of n(-1)?
5, 47
Let k = -8 + 7. Let u(w) = 198*w**3 - w + 10. Let f(r) = -132*r**3 + r - 7. Let a(i) = -7*f(i) - 5*u(i). What are the prime factors of a(k)?
67
Let u(g) be the first derivative of 5*g**4/6 + g**3/3 + 15*g**2/2 - 15*g + 27. Let k(b) be the first derivative of u(b). What are the prime factors of k(-3)?
3, 11
Suppose d = -j + 21, j + 3 = 3*d + 20. Suppose c = -2*w + j, -5*w + 2*w + 93 = 5*c. Suppose 14*b + 364 = c*b. What are the prime factors of b?
7, 13
Suppose 2*g + 4623 = f + g, -5*f = 5*g - 23165. List the prime factors of f.
2, 13, 89
Let u(k) = 4*k - 32. Let b be u(9). Suppose -2*c + 4*d + 360 = -416, -b*c = -3*d - 1572. List the prime factors of c.
2, 3, 11
Let h = -16039 - -24594. What are the prime factors of h?
5, 29, 59
Let t = -9 - -67. Let u = t + -53. Suppose 0 = -a + 2*z - 3*z + 53, 5*z + 215 = u*a. List the prime factors of a.
2, 3
What are the prime factors of 17755 + 6 + (-154)/7?
3, 73
Suppose -6702 = 16*l - 18*l. Suppose 711 = -4*m + l. Suppose 11*p - 14*p = -m. What are the prime factors of p?
2, 5, 11
Let r(j) = 20*j - j**3 - 2*j**2 - 223 - 4*j**2 + 211. What are the prime factors of r(-9)?
3, 17
Suppose -6*u - i = -3734, 2*u - 1077 = 5*i + 157. What are the prime factors of u?
2, 311
What are the prime factors of (2462 - (2 + 3)) + (7 - 12)?
2, 613
Let n = 23132 + -8862. List the prime factors of n.
2, 5, 1427
Let u(v) = -12*v + 136. Let t be u(11). List the prime factors of ((-46)/(-115))/(t/1030).
103
Suppose -u = 5*v - 2294, v + 9233 = 4*u + 2*v. What are the prime factors of u?
2309
Let j(i) = 3*i**2 - 29*i + 17. Let a be j(-11). What are the prime factors of (-9 - -11)*3/(9/a)?
2, 233
Let u = -63 - -66. Suppose 4*a = -w + 7, u*a + w = 5*w + 29. Suppose -3*r = -h + 159 + 41, 4*h - 773 = a*r. What are the prime factors of h?
191
Let f(n) = -20*n - 298. Let x be f(-15). Let a(s) = 41*s**3 - 4*s**2 - 6*s + 13. List the prime factors of a(x).
313
Let w be 4/36*3*3. Let j be (-3)/(15/(-25))*w. Suppose -2*a + j*a = 222. List the prime factors of a.
2, 37
Suppose t = 4*t + 4*w + 62, -42 = t - 4*w. Let k = 29 + t. Suppose -47 = -2*f + k*a, -5*a - 11 + 50 = 4*f. What are the prime factors of f?
2
Let a = 593 + -585. Let i(t) = 4*t**2 - 6*t - 31. List the prime factors of i(a).
3, 59
Suppose 0 = 18*a - 11*a - 14. Suppose 66 + 19 = a*d - 5*n, -5*d + 3*n + 165 = 0. What are the prime factors of d?
2, 3, 5
What are the prime factors of (-914707)/(-39) + (-160)/6240?
2, 3, 1303
Suppose -8*y = -5*y - 6. Suppose 7*f - 5238 = -y*f. Let x = f + -415. List the prime factors of x.
167
Suppose 102 = 2*y - 22*c + 24*c, -5*c + 15 = 0. Suppose -y*d + 26626 - 9154 = 0. What are the prime factors of d?
2, 7, 13
Let l(h) = -3*h**3 + 31*h**2 + 42*h - 61. List the prime factors of l(-14).
3, 29, 157
Let y(o) = -17 + 10 - 44*o + 8*o. Let s be y(-3). List the prime factors of -4 + 0 + s + -4.
3, 31
Let b(s) = 32*s**2 - 73*s + 2380. List the prime factors of b(40).
2, 5, 17, 149
Let k be 17/(935/(-803)) + 3/5. Let d(g) = -g**2 - 29*g + 18. What are the prime factors of d(k)?
2, 3, 19
Suppose 36 = 127*m - 125*m. Let p(q) = 0 - m + 17*q - 2 - 21. What are the prime factors of p(7)?
2, 3, 13
Suppose 38*p - 33*p = 205. Let r(d) = -15*d + 1. Let n be r(-4). Let f = p + n. What are the prime factors of f?
2, 3, 17
Suppose 0 = 156*t - 159*t + 3*c + 28890, 0 = -6*t + 2*c + 57760. List the prime factors of t.
5, 7, 11
Suppose -r + 3*r + m = 20702, 5*m + 30 = 0. What are the prime factors of r?
2, 31, 167
Let m(a) = 11 - 10*a**2 - 4 + 12*a + 9 - a**3. Suppose -46 + 750 = -64*w. List the prime factors of m(w).
5
Let v = 77 - 63. Suppose -19*k + v*k - 580 = 0. Let c = 169 + k. What are the prime factors of c?
53
Suppose -3*m + 91 = -8249. What are the prime factors of -3*(m/3)/(-10)?
2, 139
Let w be (3/1 + 33)*616/176. Let y be (534/4)/(1/(-2)). List the prime factors of y*((-78)/w + (-4)/(-14)).
89
Suppose -3*j = -5*s - 18, -3*s + 8 = 2*j - 5*s. Suppose l + 0 = j. List the prime factors of 1*(-4 + 75) + 3/l.
2, 37
Let u(o) = 60 - 19*o + o**2 + 7*o - 62. Let k be u(12). List the prime factors of -4 - (76 - -6)*(k - 0).
2, 5
Suppose 4*v - 111 = 961. Let h = v + -150. Suppose -o = h - 308. List the prime factors of o.
2, 5, 19
Suppose 0 = -7*j + 135 - 51. Let z be (-1)/3 - 4/(-12). Suppose j*n - 7*n - 305 = z. List the prime factors of n.
61
Let a(v) be the first derivative of v**4/4 - 4*v**3/3 - v**2 + 8*v + 28. Let z be a(4). Suppose z*p = -6*p + 780. List the prime factors of p.
2, 5, 13
Let q be (-8)/10 + 2278/335. Let j(b) = 84*b - 159. List the prime factors of j(q).
3, 5, 23
Suppose 2*w - 7*w + 800 = 0. Let q be (-8)/((28/w)/(-7)). Suppose 0*r - q = -4*r. What are the prime factors of r?
2, 5
Let b(l) = -l**2 - 7*l + 149. Let d be -3*6/(-63) + 6/(-21). What are the prime factors of b(d)?
149
Suppose 135 = -0*s + 9*s. List the prime factors of (-10)/2*(-1 + s + -59).
3, 5
Let f = -9846 + 27700. What are the prime factors of f?
2, 79, 113
Let a(u) = u**3 - 8*u**2 + 2*u + 7. Suppose -h - 2*q + 30 = -3*h, 5*q - 35 = h. Let b be (7 - 5) + -5 - (h - 1). What are the prime factors of a(b)?
23
Let z be -2 + -1128 - (0 - -5). Let m = z + 2131. Suppose 4*v = -0*v + m. List the prime factors of v.
3, 83
Suppose -29 = 3*v - 20. Let p(x) = -12*x**3 + 5*x**2 + 2. List the prime factors of p(v).
7, 53
Let t(s) = -s**3 - 2*s**2 - 4*s + 1491. What are the prime factors of t(0)?
3, 7, 71
What are the prime factors of (109 - 119) + (-62750)/(-3) - (-4)/(-6)?
2, 10453
Let f be 4/(-16) + 1/((-4)/(-5)). Let j be -4 + f*765 + -1. List the prime factors of (-2)/(-4*4/j).
5, 19
Suppose -360812 - 3960852 = -152*y. List the prime factors of y.
2, 1777
Suppose -2 + 2 = 9*t. Suppose -3*b - 5*i + 1356 = t, 4*b - 5*i - 1822 = -7*i. List the prime factors of b.
457
Let u(f) = 2*f**2 + 7*f - 3. Let y = -1 + -17. Let s be y*(27/(-6))/(-9). What are the prime factors of u(s)?
2, 3
Suppose 3*u = 8*u - 1435. Let v = u - 232. What are the prime factors of v?
5, 11
Suppose 8*y - 30943 + 7621 = 5*y. What are the prime factors of y?
2, 13, 23
List the prime factors of (-2728)/(-66)*(-486)/(-8).
3, 31
Let k(v) = 78*v + 6. Let f be k(-1). Let l = f - -72. Suppose l = -2*o + 5*t + 257, 0 = -3*o + 3*t + 488 - 107. What are the prime factors of o?
2, 3, 7
Suppose 3*x + 11 = 23. List the prime factors of x/(6/4*(-2)/(-303)).
2, 101
Suppose 6*w = w - 2*l + 217, 0 = w - 4*l - 39. Suppose 3*j - 475 = -f, w = 2*j - 4*f - 283. What are the prime factors of j?
3, 53
Suppose -55*p - 33000 = -70*p. List the prime factors of p.
2, 5, 11
Let v(k) = -3*k**3 + 16*k**2 - 66*k + 8. What are the prime factors of v(-11)?
3, 2221
Let y = -19191 - -28480. What are the prime factors of y?
7, 1327
Let j(h) = -14*h + 20. Let r be j(7). Let p = r + 76. List the prime factors of (p + 3)/(3/(2010/5)).
2, 67
Suppose 23*q = 22*q - 5*i + 642, 4*q = -3*i + 2602. What are the prime factors of q?
2, 163
Let j(q) = 12*q**3 - 21*q**2 + 58*q - 1423. List the prime factors of j(19).
2, 3, 12401
Let g(z) = 10*z**2 + 694*z - 73. What are the prime factors of g(-73)?
5, 7, 73
Let j = -14275 + 22133. What are the prime factors of j?
2, 3929
Suppose 0*j = -5*j + 20. Let n = 742 + -737. Suppose -j*m = 2*l - 460, -n*m - l + 575 = 2*l. What are the prime factors of m?
5, 23
Suppose 9*j - 6*j + 9244 = d, -3100 = j - 5*d. List the prime factors of 3/((-12)/(-110))*j/(-350).
2, 11
Suppose a = 10*a - 40